 factor of 2403?
False
Is 399 a factor of 81665?
False
Is 230 a factor of 715760?
True
Does 23 divide 6288683?
True
Is 4 a factor of 124328?
True
Is 17 a factor of 1777588?
True
Does 98 divide 289492?
True
Does 260 divide 1260946?
False
Is 16 a factor of 136576?
True
Is 4 a factor of 575804?
True
Does 58 divide 1095856?
False
Is 44 a factor of 62084?
True
Is 2142606 a multiple of 3?
True
Does 2 divide 6821768?
True
Is 27 a factor of 967639?
False
Is 51 a factor of 4614327?
True
Is 63 a factor of 2276206?
False
Is 166 a factor of 165007?
False
Is 2294882 a multiple of 167?
False
Is 31 a factor of 655991?
True
Is 182 a factor of 1043135?
False
Does 31 divide 2589350?
False
Does 11 divide 25704?
False
Is 2859098 a multiple of 22?
True
Is 85 a factor of 4651710?
True
Is 4624414 a multiple of 10?
False
Is 50 a factor of 245726?
False
Is 467838 a multiple of 9?
True
Does 16 divide 798904?
False
Is 1711134 a multiple of 360?
False
Is 6693225 a multiple of 75?
True
Is 789 a factor of 26495919?
False
Is 719502 a multiple of 21?
True
Is 653312 a multiple of 58?
True
Is 617 a factor of 3032464?
False
Is 602079 a multiple of 12?
False
Is 61 a factor of 1489925?
True
Is 38142 a multiple of 7?
False
Does 8 divide 1272622?
False
Is 14 a factor of 678272?
True
Does 83 divide 2497719?
True
Is 78 a factor of 7754058?
True
Does 54 divide 115938?
True
Is 10366328 a multiple of 68?
True
Does 45 divide 894465?
True
Is 24049278 a multiple of 27?
True
Is 88297 a multiple of 24?
False
Is 768 a factor of 13299456?
True
Is 19166772 a multiple of 834?
False
Does 90 divide 37943?
False
Is 6 a factor of 6223351?
False
Is 5364 a multiple of 6?
True
Is 15358 a multiple of 70?
False
Is 19481 a multiple of 2?
False
Is 1457673 a multiple of 10?
False
Does 67 divide 1041999?
False
Does 422 divide 450058?
False
Does 4 divide 49629?
False
Does 171 divide 3289557?
False
Does 1541 divide 1425141?
False
Is 153131 a multiple of 5?
False
Is 15 a factor of 2336078?
False
Is 9 a factor of 614961?
True
Is 2714613 a multiple of 165?
False
Does 11 divide 1941605?
False
Is 38 a factor of 558790?
True
Does 39 divide 305154?
False
Does 30 divide 174454?
False
Is 26 a factor of 229205?
False
Is 21 a factor of 337995?
True
Does 7 divide 11378687?
False
Does 24 divide 505488?
True
Is 110008 a multiple of 5?
False
Does 56 divide 1713096?
True
Is 4217398 a multiple of 760?
False
Does 16 divide 173855?
False
Does 5 divide 348657?
False
Does 603 divide 91096?
False
Does 786 divide 24279546?
False
Does 94 divide 213286?
True
Is 35 a factor of 2910815?
False
Does 214 divide 383274?
True
Does 6 divide 7910?
False
Does 62 divide 2758064?
False
Does 268 divide 316508?
True
Is 35 a factor of 8040955?
False
Is 10 a factor of 535316?
False
Does 3 divide 31678?
False
Does 8 divide 53571?
False
Is 53 a factor of 461630?
True
Is 706263 a multiple of 6?
False
Does 14 divide 432530?
True
Is 763 a factor of 1814244?
False
Does 207 divide 2379051?
True
Is 200 a factor of 49400?
True
Does 35 divide 574498?
False
Is 251 a factor of 223641?
True
Is 7964376 a multiple of 21?
True
Does 178 divide 1450987?
False
Is 84096 a multiple of 13?
False
Is 159099 a multiple of 12?
False
Is 276 a factor of 183816?
True
Is 1384 a factor of 23617270?
False
Is 10165200 a multiple of 860?
True
Does 725 divide 2142375?
True
Is 50 a factor of 66983?
False
Is 1748093 a multiple of 1096?
False
Is 902 a factor of 10073536?
True
Is 1795223 a multiple of 282?
False
Is 36 a factor of 3132?
True
Is 22 a factor of 75194?
False
Is 162458 a multiple of 58?
True
Does 443 divide 7742187?
False
Does 22 divide 39515?
False
Does 27 divide 530712?
True
Is 10 a factor of 1102680?
True
Is 25 a factor of 236350?
True
Is 48771 a multiple of 5?
False
Is 27 a factor of 289869?
False
Is 20 a factor of 1032605?
False
Is 1414951 a multiple of 518?
False
Is 1166 a factor of 1563606?
True
Does 156 divide 1079832?
True
Is 304670 a multiple of 11?
False
Does 15 divide 56381?
False
Is 641873 a multiple of 9?
False
Is 2680924 a multiple of 32?
False
Is 5 a factor of 126424?
False
Is 236174 a multiple of 9?
False
Is 123 a factor of 146020?
False
Does 16 divide 185237?
False
Is 2372681 a multiple of 19?
False
Is 118 a factor of 694199?
False
Is 27 a factor of 826470?
True
Is 75 a factor of 92625?
True
Is 32 a factor of 22695872?
True
Is 3 a factor of 479760?
True
Is 3 a factor of 328137?
True
Does 212 divide 5178940?
False
Is 108696 a multiple of 42?
True
Does 72 divide 244296?
True
Is 204 a factor of 294463?
False
Is 11 a factor of 60739?
False
Does 3 divide 465873?
True
Is 1200946 a multiple of 74?
True
Is 94 a factor of 894434?
False
Is 204357 a multiple of 45?
False
Is 4 a factor of 837788?
True
Is 3839574 a multiple of 79?
False
Is 311 a factor of 19282?
True
Does 70 divide 150080?
True
Is 474 a factor of 2110248?
True
Does 88 divide 2323464?
True
Is 89 a factor of 3796181?
False
Does 973 divide 4297741?
True
Is 833 a factor of 884646?
True
Is 67 a factor of 482098?
False
Is 105 a factor of 826701?
False
Is 50 a factor of 973000?
True
Does 115 divide 13570?
True
Does 81 divide 1903352?
False
Does 143 divide 4293515?
False
Is 120641 a multiple of 47?
False
Does 355 divide 449540?
False
Is 626520 a multiple of 326?
False
Is 2 a factor of 7257?
False
Is 317741 a multiple of 7?
False
Is 169 a factor of 65065?
True
Does 69 divide 24564?
True
Does 6 divide 2930556?
True
Is 1096 a factor of 2291736?
True
Is 6 a factor of 5797302?
True
Is 59536 a multiple of 4?
True
Does 14 divide 1593508?
True
Is 44 a factor of 24992?
True
Does 95 divide 1438015?
True
Is 482 a factor of 91123?
False
Is 14 a factor of 877250?
False
Is 256 a factor of 17333660?
False
Is 52 a factor of 522338?
False
Is 163346 a multiple of 88?
False
Does 48 divide 852192?
True
Is 13 a factor of 23528934?
True
Does 523 divide 1751118?
False
Is 1038809 a multiple of 277?
False
Is 163955 a multiple of 180?
False
Does 8 divide 2077776?
True
Does 10 divide 49955?
False
Is 3164133 a multiple of 7?
True
Is 3986988 a multiple of 7?
False
Is 1043 a factor of 287838?
False
Does 29 divide 4951595?
False
Is 201552 a multiple of 3?
True
Is 10864380 a multiple of 30?
True
Is 18 a factor of 204397?
False
Does 36 divide 4365684?
True
Does 95 divide 232655?
True
Is 164 a factor of 3041567?
False
Is 288 a factor of 168768?
True
Is 171 a factor of 136051?
False
Is 428 a factor of 77139?
False
Is 314 a factor of 233916?
False
Is 122760 a multiple of 36?
True
Is 1255469 a multiple of 31?
True
Is 25540 a multiple of 9?
False
Is 10 a factor of 6147160?
True
Does 101 divide 22518?
False
Is 536 a factor of 235154?
False
Is 11 a factor of 252156?
False
Does 215 divide 5888833?
False
Is 76 a factor of 7131688?
True
Does 17 divide 13337100?
False
Is 144 a factor of 131932?
False
Is 17 a factor of 15341?
False
Is 833742 a multiple of 78?
True
Is 1839044 a multiple of 124?
True
Is 2778583 a multiple of 15?
False
Is 208 a factor of 853216?
True
Is 2417987 a multiple of 457?
True
Does 22 divide 9739576?
True
Does 19 divide 780084?
False
Does 3 divide 271503?
True
Is 7 a factor of 7641418?
False
Does 7 divide 95333?
True
Is 33592 even?
True
Is 128 a factor of 802816?
True
Is 1833 a factor of 6234033?
True
Is 393780 a multiple of 409?
False
Is 7714847 a multiple of 13?
False
Is 37 a factor of 166648?
True
Does 267 divide 1012464?
True
Does 21 divide 463029?
True
Does 122 divide 243071?
False
Does 115 divide 2099555?
True
Does 478 divide 14357208?
True
Is 4 a factor of 193475?
False
Is 23 a factor of 12098?
True
Is 573 a factor of 689887?
False
Is 31 a factor of 8419315?
False
Is 921782 a multiple of 33?
False
Does 579 divide 1635311?
False
Does 178 divide 1449869?
False
Does 45 divide 7654980?
False
Is 19950 a multiple of 21?
True
Does 20 divide 21940?
True
Is 277920 a multiple of 40?
True
Does 6 divide 29145?
False
Does 797 divide 11347377?
False
Is 90 a factor of 54922?
False
Is 1011911 a multiple of 460?
False
Is 140740 a multiple of 31?
True
Is 26 a factor of 2472446?
False
Does 6 divide 108756?
True
Is 983950 a multiple of 55?
True
Is 1027226 a multiple of 5?
False
Does 89 divide 780647?
False
Is 5 a factor of 230469?
False
Is 4786723 a multiple of 72?
False
Is 133202 a multiple of 32?
False
Is 11767565 a multiple of 356?
False
Do